{"id":43,"date":"2025-09-03T21:31:41","date_gmt":"2025-09-03T20:31:41","guid":{"rendered":"https:\/\/test.szmpraha3.cz\/?page_id=43"},"modified":"2025-09-03T22:48:51","modified_gmt":"2025-09-03T21:48:51","slug":"home-page","status":"publish","type":"page","link":"https:\/\/test.szmpraha3.cz\/?page_id=43","title":{"rendered":"Home page"},"content":{"rendered":"<p>[et_pb_section fb_built=&#8220;1&#8243; _builder_version=&#8220;4.27.4&#8243; _module_preset=&#8220;default&#8220; background_image=&#8220;http:\/\/test.szmpraha3.cz\/wp-content\/uploads\/2025\/09\/zizkov-clipart.jpg&#8220; min_height=&#8220;779px&#8220; global_colors_info=&#8220;{}&#8220;][et_pb_row _builder_version=&#8220;4.27.4&#8243; _module_preset=&#8220;default&#8220; global_colors_info=&#8220;{}&#8220;][et_pb_column type=&#8220;4_4&#8243; _builder_version=&#8220;4.27.4&#8243; _module_preset=&#8220;default&#8220; global_colors_info=&#8220;{}&#8220;][et_pb_heading title=&#8220;      Spr\u00e1va zbytkov\u00e9ho majetku                          M\u011bstsk\u00e9 \u010d\u00e1sti Praha 3&#8243; _builder_version=&#8220;4.27.4&#8243; _module_preset=&#8220;default&#8220; text_shadow_style=&#8220;preset3&#8243; text_shadow_color=&#8220;#E02B20&#8243; global_colors_info=&#8220;{}&#8220;][\/et_pb_heading][\/et_pb_column][\/et_pb_row][et_pb_row column_structure=&#8220;1_2,1_2&#8243; _builder_version=&#8220;4.27.4&#8243; _module_preset=&#8220;default&#8220; min_height=&#8220;688.4px&#8220; custom_padding=&#8220;||0px|||&#8220; global_colors_info=&#8220;{}&#8220;][et_pb_column type=&#8220;1_2&#8243; _builder_version=&#8220;4.27.4&#8243; _module_preset=&#8220;default&#8220; global_colors_info=&#8220;{}&#8220;][et_pb_text _builder_version=&#8220;4.27.4&#8243; _module_preset=&#8220;default&#8220; min_height=&#8220;491.4px&#8220; custom_padding=&#8220;||4px|||&#8220; global_colors_info=&#8220;{}&#8220;]<\/p>\n<p><span style=\"font-size: large;\">Jsme m\u011bstsk\u00e1 spole\u010dnost, jej\u00edm\u017e hlavn\u00edm posl\u00e1n\u00edm je<\/span><\/p>\n<p><span style=\"font-size: large;\"> efektivn\u00ed spr\u00e1va a zhodnocov\u00e1n\u00ed zbytkov\u00e9ho majetku<\/span><\/p>\n<p><span style=\"font-size: large;\"> M\u011bstsk\u00e9 \u010d\u00e1sti Praha 3. M\u011bsto n\u00e1s zalo\u017eilo s c\u00edlem zajistit<\/span><\/p>\n<p><span style=\"font-size: large;\"> transparentn\u00ed a profesion\u00e1ln\u00ed nakl\u00e1d\u00e1n\u00ed s majetkem, <\/span><\/p>\n<p><span style=\"font-size: large;\">kter\u00fd ji\u017e neslou\u017e\u00ed p\u0159\u00edm\u00fdm pot\u0159eb\u00e1m obce, ale m\u016f\u017ee <\/span><\/p>\n<p><span style=\"font-size: large;\">b\u00fdt strategicky vyu\u017eit nebo d\u00e1le rozv\u00edjen pro <\/span><\/p>\n<p><span style=\"font-size: large;\">dlouhodob\u00fd prosp\u011bch ob\u010dan\u016f a m\u011bstsk\u00e9 \u010d\u00e1sti.<\/span><\/p>\n<p><span style=\"font-size: large;\">Jsme kl\u00ed\u010dov\u00fdm partnerem pro radnici Prahy 3 p\u0159i <\/span><\/p>\n<p><span style=\"font-size: large;\">spr\u00e1v\u011b a rozvoji majetkov\u00e9ho portfolia, a t\u00edm <\/span><\/p>\n<p><span style=\"font-size: large;\">p\u0159isp\u00edv\u00e1me k celkov\u00e9 kvalit\u011b \u017eivota v na\u0161\u00ed m\u011bstsk\u00e9 <\/span><\/p>\n<p><span style=\"font-size: large;\">\u010d\u00e1sti. Pe\u010dujeme o sv\u011b\u0159en\u00fd majetek s maxim\u00e1ln\u00ed<\/span><\/p>\n<p><span style=\"font-size: large;\"> odpov\u011bdnost\u00ed v\u016f\u010di ob\u010dan\u016fm a klademe d\u016fraz na<\/span><\/p>\n<p><span style=\"font-size: large;\"> vyu\u017eit\u00ed modern\u00edch p\u0159\u00edstup\u016f a n\u00e1stroj\u016f pro spr\u00e1vu. <\/span><\/p>\n<p><span style=\"font-size: large;\">Ing. Zde\u0148ka Bene\u0161ov\u00e1<br \/><\/span><span style=\"font-size: large;\">\u0159editelka SZM<\/span><\/p>\n<p><span style=\"font-size: large;\"><\/span><\/p>\n<p>[\/et_pb_text][\/et_pb_column][et_pb_column type=&#8220;1_2&#8243; _builder_version=&#8220;4.27.4&#8243; _module_preset=&#8220;default&#8220; global_colors_info=&#8220;{}&#8220;][et_pb_button button_text=&#8220;Nahl\u00e1sit hav\u00e1rii&#8220; button_alignment=&#8220;left&#8220; _builder_version=&#8220;4.27.4&#8243; _module_preset=&#8220;f76eb5f9-357a-4dac-8679-0971267e64aa&#8220; custom_button=&#8220;on&#8220; custom_margin=&#8220;|||80px|false|false&#8220; custom_padding=&#8220;|16px||20px|false|false&#8220; hover_enabled=&#8220;0&#8243; box_shadow_style=&#8220;preset2&#8243; box_shadow_color=&#8220;#000000&#8243; global_colors_info=&#8220;{}&#8220; animation_style=&#8220;fade&#8220; sticky_enabled=&#8220;0&#8243;][\/et_pb_button][et_pb_button button_text=&#8220;Pohotovost o v\u00edkendu a sv\u00e1tky&#8220; button_alignment=&#8220;left&#8220; _builder_version=&#8220;4.27.4&#8243; _module_preset=&#8220;f76eb5f9-357a-4dac-8679-0971267e64aa&#8220; custom_button=&#8220;on&#8220; custom_margin=&#8220;|||93px|false|false&#8220; custom_padding=&#8220;|||15px|false|false&#8220; hover_enabled=&#8220;0&#8243; box_shadow_style=&#8220;preset2&#8243; box_shadow_color=&#8220;#000000&#8243; global_colors_info=&#8220;{}&#8220; animation_style=&#8220;fade&#8220; sticky_enabled=&#8220;0&#8243;][\/et_pb_button][et_pb_button button_text=&#8220;\u00da\u0159edn\u00ed hodiny&#8220; button_alignment=&#8220;left&#8220; _builder_version=&#8220;4.27.4&#8243; _module_preset=&#8220;f76eb5f9-357a-4dac-8679-0971267e64aa&#8220; custom_button=&#8220;on&#8220; custom_margin=&#8220;|||86px|false|false&#8220; custom_padding=&#8220;|||9px|false|false&#8220; hover_enabled=&#8220;0&#8243; box_shadow_style=&#8220;preset2&#8243; box_shadow_color=&#8220;#000000&#8243; global_colors_info=&#8220;{}&#8220; animation_style=&#8220;fade&#8220; sticky_enabled=&#8220;0&#8243;][\/et_pb_button][et_pb_button button_text=&#8220;Voln\u00e9 prostory&#8220; button_alignment=&#8220;left&#8220; _builder_version=&#8220;4.27.4&#8243; _module_preset=&#8220;f76eb5f9-357a-4dac-8679-0971267e64aa&#8220; custom_button=&#8220;on&#8220; custom_margin=&#8220;|||135px|false|false&#8220; custom_padding=&#8220;|||19px|false|false&#8220; hover_enabled=&#8220;0&#8243; box_shadow_style=&#8220;preset2&#8243; box_shadow_color=&#8220;#000000&#8243; global_colors_info=&#8220;{}&#8220; animation_style=&#8220;fade&#8220; sticky_enabled=&#8220;0&#8243;][\/et_pb_button][et_pb_button button_url=&#8220;https:\/\/test.szmpraha3.cz\/?page_id=81&#8243; button_text=&#8220;Pot\u0159ebuji vy\u0159e\u0161it&#8220; button_alignment=&#8220;left&#8220; _builder_version=&#8220;4.27.4&#8243; _module_preset=&#8220;f76eb5f9-357a-4dac-8679-0971267e64aa&#8220; custom_button=&#8220;on&#8220; custom_margin=&#8220;|||159px|false|false&#8220; custom_padding=&#8220;|||14px|false|false&#8220; animation_style=&#8220;fade&#8220; hover_enabled=&#8220;0&#8243; box_shadow_style=&#8220;preset2&#8243; box_shadow_color=&#8220;#000000&#8243; global_colors_info=&#8220;{}&#8220; sticky_enabled=&#8220;0&#8243;][\/et_pb_button][et_pb_button button_text=&#8220;Kari\u00e9ra &#8211; voln\u00e9 pracovn\u00ed pozice&#8220; button_alignment=&#8220;center&#8220; _builder_version=&#8220;4.27.4&#8243; _module_preset=&#8220;f76eb5f9-357a-4dac-8679-0971267e64aa&#8220; custom_button=&#8220;on&#8220; custom_margin=&#8220;|||171px|false|false&#8220; custom_padding=&#8220;|||23px|false|false&#8220; hover_enabled=&#8220;0&#8243; box_shadow_style=&#8220;preset2&#8243; box_shadow_color=&#8220;#000000&#8243; global_colors_info=&#8220;{}&#8220; animation_style=&#8220;fade&#8220; sticky_enabled=&#8220;0&#8243;][\/et_pb_button][et_pb_button button_text=&#8220;O n\u00e1s &#8211; slu\u017eby a dal\u0161\u00ed informace&#8220; button_alignment=&#8220;center&#8220; _builder_version=&#8220;4.27.4&#8243; _module_preset=&#8220;f76eb5f9-357a-4dac-8679-0971267e64aa&#8220; custom_button=&#8220;on&#8220; custom_margin=&#8220;|||172px|false|false&#8220; custom_padding=&#8220;|||21px|false|false&#8220; hover_enabled=&#8220;0&#8243; box_shadow_style=&#8220;preset2&#8243; box_shadow_color=&#8220;#000000&#8243; global_colors_info=&#8220;{}&#8220; animation_style=&#8220;fade&#8220; sticky_enabled=&#8220;0&#8243;][\/et_pb_button][\/et_pb_column][\/et_pb_row][\/et_pb_section][et_pb_section fb_built=&#8220;1&#8243; _builder_version=&#8220;4.27.4&#8243; _module_preset=&#8220;default&#8220; min_height=&#8220;370.5px&#8220; global_colors_info=&#8220;{}&#8220;][et_pb_row column_structure=&#8220;1_3,1_3,1_3&#8243; _builder_version=&#8220;4.27.4&#8243; _module_preset=&#8220;default&#8220; global_colors_info=&#8220;{}&#8220;][et_pb_column type=&#8220;1_3&#8243; _builder_version=&#8220;4.27.4&#8243; _module_preset=&#8220;default&#8220; global_colors_info=&#8220;{}&#8220;][et_pb_circle_counter title=&#8220;Byt\u016f ve spr\u00e1v\u011b&#8220; number=&#8220;1800&#8243; percent_sign=&#8220;off&#8220; bar_bg_color=&#8220;#5A0C1C&#8220; _builder_version=&#8220;4.27.4&#8243; _module_preset=&#8220;default&#8220; border_color_all=&#8220;#000000&#8243; global_colors_info=&#8220;{}&#8220;][\/et_pb_circle_counter][\/et_pb_column][et_pb_column type=&#8220;1_3&#8243; _builder_version=&#8220;4.27.4&#8243; _module_preset=&#8220;default&#8220; global_colors_info=&#8220;{}&#8220;][et_pb_circle_counter title=&#8220;Nebytov\u00fdch prostor&#8220; number=&#8220;1200&#8243; percent_sign=&#8220;off&#8220; bar_bg_color=&#8220;#5A0C1C&#8220; _builder_version=&#8220;4.27.4&#8243; _module_preset=&#8220;default&#8220; global_colors_info=&#8220;{}&#8220;][\/et_pb_circle_counter][\/et_pb_column][et_pb_column type=&#8220;1_3&#8243; _builder_version=&#8220;4.27.4&#8243; _module_preset=&#8220;default&#8220; global_colors_info=&#8220;{}&#8220;][et_pb_circle_counter title=&#8220;Gar\u00e1\u017eov\u00fdch st\u00e1n\u00ed&#8220; number=&#8220;945&#8243; percent_sign=&#8220;off&#8220; bar_bg_color=&#8220;#5A0C1C&#8220; _builder_version=&#8220;4.27.4&#8243; _module_preset=&#8220;default&#8220; global_colors_info=&#8220;{}&#8220;][\/et_pb_circle_counter][\/et_pb_column][\/et_pb_row][\/et_pb_section][et_pb_section fb_built=&#8220;1&#8243; _builder_version=&#8220;4.27.4&#8243; _module_preset=&#8220;default&#8220; min_height=&#8220;422px&#8220; global_colors_info=&#8220;{}&#8220;][et_pb_row _builder_version=&#8220;4.27.4&#8243; _module_preset=&#8220;default&#8220; global_colors_info=&#8220;{}&#8220;][et_pb_column type=&#8220;4_4&#8243; _builder_version=&#8220;4.27.4&#8243; _module_preset=&#8220;default&#8220; global_colors_info=&#8220;{}&#8220;][et_pb_heading title=&#8220;Kde n\u00e1s najdete&#8220; _builder_version=&#8220;4.27.4&#8243; _module_preset=&#8220;default&#8220; title_text_align=&#8220;center&#8220; title_text_color=&#8220;#5A0C1C&#8220; global_colors_info=&#8220;{}&#8220;][\/et_pb_heading][\/et_pb_column][\/et_pb_row][et_pb_row _builder_version=&#8220;4.27.4&#8243; _module_preset=&#8220;default&#8220; global_colors_info=&#8220;{}&#8220;][et_pb_column type=&#8220;4_4&#8243; _builder_version=&#8220;4.27.4&#8243; _module_preset=&#8220;default&#8220; global_colors_info=&#8220;{}&#8220;][et_pb_map address=&#8220;ol\u0161ansk\u00e1 2666\/&#8220; _builder_version=&#8220;4.27.4&#8243; _module_preset=&#8220;default&#8220; global_colors_info=&#8220;{}&#8220;][\/et_pb_map][\/et_pb_column][\/et_pb_row][\/et_pb_section]<\/p>\n","protected":false},"excerpt":{"rendered":"<p>Jsme m\u011bstsk\u00e1 spole\u010dnost, jej\u00edm\u017e hlavn\u00edm posl\u00e1n\u00edm je efektivn\u00ed spr\u00e1va a zhodnocov\u00e1n\u00ed zbytkov\u00e9ho majetku M\u011bstsk\u00e9 \u010d\u00e1sti Praha 3. M\u011bsto n\u00e1s zalo\u017eilo s c\u00edlem zajistit transparentn\u00ed a profesion\u00e1ln\u00ed nakl\u00e1d\u00e1n\u00ed s majetkem, kter\u00fd ji\u017e neslou\u017e\u00ed p\u0159\u00edm\u00fdm pot\u0159eb\u00e1m obce, ale m\u016f\u017ee b\u00fdt strategicky vyu\u017eit nebo d\u00e1le rozv\u00edjen pro dlouhodob\u00fd prosp\u011bch ob\u010dan\u016f a m\u011bstsk\u00e9 \u010d\u00e1sti. Jsme kl\u00ed\u010dov\u00fdm partnerem pro radnici [&hellip;]<\/p>\n","protected":false},"author":3,"featured_media":0,"parent":0,"menu_order":0,"comment_status":"closed","ping_status":"closed","template":"","meta":{"_et_pb_use_builder":"on","_et_pb_old_content":"","_et_gb_content_width":"","footnotes":""},"class_list":["post-43","page","type-page","status-publish","hentry"],"_links":{"self":[{"href":"https:\/\/test.szmpraha3.cz\/index.php?rest_route=\/wp\/v2\/pages\/43","targetHints":{"allow":["GET"]}}],"collection":[{"href":"https:\/\/test.szmpraha3.cz\/index.php?rest_route=\/wp\/v2\/pages"}],"about":[{"href":"https:\/\/test.szmpraha3.cz\/index.php?rest_route=\/wp\/v2\/types\/page"}],"author":[{"embeddable":true,"href":"https:\/\/test.szmpraha3.cz\/index.php?rest_route=\/wp\/v2\/users\/3"}],"replies":[{"embeddable":true,"href":"https:\/\/test.szmpraha3.cz\/index.php?rest_route=%2Fwp%2Fv2%2Fcomments&post=43"}],"version-history":[{"count":12,"href":"https:\/\/test.szmpraha3.cz\/index.php?rest_route=\/wp\/v2\/pages\/43\/revisions"}],"predecessor-version":[{"id":98,"href":"https:\/\/test.szmpraha3.cz\/index.php?rest_route=\/wp\/v2\/pages\/43\/revisions\/98"}],"wp:attachment":[{"href":"https:\/\/test.szmpraha3.cz\/index.php?rest_route=%2Fwp%2Fv2%2Fmedia&parent=43"}],"curies":[{"name":"wp","href":"https:\/\/api.w.org\/{rel}","templated":true}]}}